{"id":18,"date":"2012-03-25T15:40:29","date_gmt":"2012-03-25T15:40:29","guid":{"rendered":"http:\/\/topshot.se\/?page_id=18"},"modified":"2025-10-28T21:58:34","modified_gmt":"2025-10-28T21:58:34","slug":"historia","status":"publish","type":"page","link":"https:\/\/nybrovikensbs.se\/?page_id=18","title":{"rendered":"Historia"},"content":{"rendered":"<p><span style=\"color: #233b7c;\"><span style=\"color: #333399;\"><strong>NBS Historik<\/strong><\/span><br \/><\/span>Det hela b\u00f6rjade p\u00e5 1920-talet vid Allm\u00e4nna Gr\u00e4nd p\u00e5 Kungl. Djurg\u00e5rden. H\u00e4r hade Stockholms Hamn tre pontoner, vars b\u00e5tplatser hyrdes ut till enskilda, klubbl\u00f6sa b\u00e5t\u00e4gare. De flesta som l\u00e5g vid dessa pontoner hade Nannylunds Slipf\u00f6rening som uppl\u00e4ggningsplats under vintern.<br \/>I slutet p\u00e5 50-talet hyrde Hamnstyrelsen pl\u00f6tsligt ut 15 av platserna till ett b\u00e5tf\u00f6rs\u00e4ljningsbolag, varf\u00f6r de \u00f6vriga b\u00e5tplatsinnehavarna blev oroliga.<br \/>En man vid namn Harry L\u00f6\u00f6f samlade intresserade b\u00e5t\u00e4gare till ett m\u00f6te bakom Liljevachs konsthall. H\u00e4r enades man om att bilda en b\u00e5tklubb, som kunde f\u00f6rhandla med Stockholms Hamn om att f\u00e5 hyra pontonerna. Flera namn p\u00e5 klubben f\u00f6reslogs, bl.a. Allm\u00e4nna Gr\u00e4nds B\u00e5tklubb och Alk\u00e4rrets B\u00e5tklubb.<\/p>\n<p><span style=\"color: #233b7c;\"><span style=\"color: #333399;\"><strong>S\u00e4llskapet bildas<\/strong><\/span><br \/><\/span>Vid ett m\u00f6te p\u00e5 Nannylund den 28 juni 1961 enades man om att klubben skulle heta Nybrovikens B\u00e5ts\u00e4llskap. En interimsstyrelse med Harry L\u00f6\u00f6f som ordf\u00f6rande tillsattes. S\u00e4llskapets standert ritades av Elis Rohman. Det nybildade s\u00e4llskapet s\u00f6kte omg\u00e5ende medlemskap i d\u00e5varande Saltsj\u00f6ns Motorb\u00e5tsf\u00f6rbund, nuvarande Saltsj\u00f6n \u2013 M\u00e4larens B\u00e5tf\u00f6rbund.<br \/>Ans\u00f6kan till Stockholms Hamn om att f\u00e5 hyra pontonerna avslogs.<br \/>Under \u00e5r 1962 avkortades bryggan genom att en ponton togs bort. Anledningen var att det tillf\u00e4lliga Wasamuseet lades p\u00e5 platsen bredvid Allm\u00e4nna Gr\u00e4nd. Nu fanns det endast 47 platser kvar f\u00f6r NBS\u00b4 medlemmar att hyra. Samma sommar var medlemsantalet ca 25 medlemmar.<\/p>\n<p><span style=\"color: #233b7c;\"><span style=\"color: #333399;\"><strong>5-\u00e5rsjubileum<\/strong><\/span><br \/><\/span>Den 10 november 1967 h\u00f6lls \u00e5rsm\u00f6te med efterf\u00f6ljande sup\u00e9 p\u00e5 Sj\u00f6fartshotellet. S\u00e4llskapet, som nu bestod av 31 aktiva och 22 passiva medlemmar, kunde kalasa p\u00e5 en aptittallrik, en fil\u00e9 Charlemagne samt \u00f6l och vin f\u00f6r det facila priset av 30 kronor!<\/p>\n<p><span style=\"color: #233b7c;\"><span style=\"color: #333399;\"><strong>F\u00f6rsta eskaderseglingen<\/strong><\/span><br \/><\/span>Gick av stapeln den 16 augusti 1969, d\u00e5 fem b\u00e5tar med bes\u00e4ttning tog sig till Nautiska Klubbens Tallholme utanf\u00f6r Vaxholm. H\u00e4r serverades en h\u00e4rlig sillfrukost uppe p\u00e5 Plat\u00e5n, \u00f6ns h\u00f6gsta punkt.<br \/>Denna form av eskadersegling har sedan fortsatt som en trivsam tradition, vilken lockar allt fler deltagare \u00e5r fr\u00e5n \u00e5r. En av de st\u00e5ende inslagen \u00e4r \u201d\u00d6hmanska tipspromenaden\u201d vid vilken deltagarna skall uppt\u00e4cka \u201df\u00f6rem\u00e5l\u201d i naturen, f\u00f6rem\u00e5l som inte h\u00f6r dit. Bes\u00e4ttningarna sl\u00e5ss varje \u00e5r om det st\u00e5tliga men hiskeliga vandringspriset.<\/p>\n<p><span style=\"color: #233b7c;\"><span style=\"color: #333399;\"><strong>\u00c4ntligen en egen brygga!<\/strong><\/span><br \/><\/span>Vid ett styrelsem\u00f6te den 21 januari 1976 kunde d\u00e5varande ordf\u00f6randen B\u00f6rje \u00d6hman meddela att Stockholms Hamn st\u00e4llt sig positiv till att \u00f6verl\u00e4mna pontonerna till Stockholms Idrottsstyrelse och att NBS i sin tur fick \u00f6verta uthyrningen av b\u00e5tplatserna. Hyran var 175 kronor per b\u00e5tplats.<\/p>\n<p>1988 bogserades Vasa in i den gamla jagardockan, \u00f6ver vilken det nya Vasamuseet b\u00f6rjat resa sig. 1990 invigde kung Carl XVI Gustaf det f\u00e4rdiga museet. I samband med det fick NBS sin nuvarande placering med tv\u00e5 pontoner vid Jagarpiren i Gal\u00e4rvarvshamnen, nuvarande Vasahamnen. Antalet platser \u00e4r 38 \u2013 40 st och b\u00e5tarna \u00e4r f\u00f6rt\u00f6jda mellan Y-bommar. Pontonerna \u00e4r fredade via l\u00e5st grind. Medlemmarna g\u00e5r nattvakt under b\u00e5ts\u00e4songen.<\/p>\n<p>Under \u00e5ren har pontonerna f\u00e5tt belysningsstolpar och eluttag, vatten och telefon.<br \/>Likas\u00e5 b\u00e4nkar och bord f\u00f6r den allm\u00e4nna trevnaden.<\/p>\n<p>Klubben hyr pontoner, vattenytan och tilltr\u00e4de till piren av LNT Expo AB som \u00e4r \u00e4gare till Vasahamnen. I v\u00e5rt avtal ing\u00e5r att kostnaden skall vara densamma som \u00f6vriga b\u00e5tklubbar i kommunen f\u00e5r betala.<\/p>\n<p><span style=\"color: #233b7c;\"><span style=\"color: #333399;\"><strong>50-\u00e5rsjubileum<\/strong><\/span><br \/><\/span>19 november 2011 firade NBS 50-\u00e5rs jubileum med pompa och st\u00e5t i Heleneborgs b\u00e5tklubblokal.<br \/>Det var en lyckad tillst\u00e4llning med mycket glada tillrop.<\/p>\n<p><span style=\"color: #233b7c;\"><span style=\"color: #333399;\"><strong>Betydelsefulla f\u00f6r\u00e4ndringar<\/strong><\/span><br \/><\/span>V\u00e5ren 2012 inf\u00f6rskaffades och monterades nya flytkroppar p\u00e5 bryggan, dom gamla k\u00e4ttingarna som h\u00e5ller bryggan intakt byttes ut samt all elektricitet drogs om.<br \/>2015 inf\u00f6rskaffades ett flytande klubbhus efter m\u00e5nga \u00e5rs l\u00e4ngtan samt all bryggbelysning byttes ut till energisn\u00e5l ledbelyning. V\u00e5ren 2017 byter vi ut all tr\u00e4panel p\u00e5 Y-bommarna, klart innan sj\u00f6s\u00e4ttningen i b\u00f6rjan av maj.<\/p>\n\n\n<p><\/p>\n","protected":false},"excerpt":{"rendered":"<p>NBS HistorikDet hela b\u00f6rjade p\u00e5 1920-talet vid Allm\u00e4nna Gr\u00e4nd p\u00e5 Kungl. Djurg\u00e5rden. H\u00e4r hade Stockholms Hamn tre pontoner, vars b\u00e5tplatser hyrdes ut till enskilda, klubbl\u00f6sa b\u00e5t\u00e4gare. De flesta som l\u00e5g vid dessa pontoner hade Nannylunds Slipf\u00f6rening som uppl\u00e4ggningsplats under vintern.I slutet p\u00e5 50-talet hyrde Hamnstyrelsen pl\u00f6tsligt ut 15 av platserna [&hellip;]<\/p>\n","protected":false},"author":2,"featured_media":0,"parent":0,"menu_order":0,"comment_status":"closed","ping_status":"closed","template":"","meta":{"_themeisle_gutenberg_block_has_review":false,"footnotes":""},"class_list":["post-18","page","type-page","status-publish","hentry"],"_links":{"self":[{"href":"https:\/\/nybrovikensbs.se\/index.php?rest_route=\/wp\/v2\/pages\/18","targetHints":{"allow":["GET"]}}],"collection":[{"href":"https:\/\/nybrovikensbs.se\/index.php?rest_route=\/wp\/v2\/pages"}],"about":[{"href":"https:\/\/nybrovikensbs.se\/index.php?rest_route=\/wp\/v2\/types\/page"}],"author":[{"embeddable":true,"href":"https:\/\/nybrovikensbs.se\/index.php?rest_route=\/wp\/v2\/users\/2"}],"replies":[{"embeddable":true,"href":"https:\/\/nybrovikensbs.se\/index.php?rest_route=%2Fwp%2Fv2%2Fcomments&post=18"}],"version-history":[{"count":2,"href":"https:\/\/nybrovikensbs.se\/index.php?rest_route=\/wp\/v2\/pages\/18\/revisions"}],"predecessor-version":[{"id":1575,"href":"https:\/\/nybrovikensbs.se\/index.php?rest_route=\/wp\/v2\/pages\/18\/revisions\/1575"}],"wp:attachment":[{"href":"https:\/\/nybrovikensbs.se\/index.php?rest_route=%2Fwp%2Fv2%2Fmedia&parent=18"}],"curies":[{"name":"wp","href":"https:\/\/api.w.org\/{rel}","templated":true}]}}